/6)/((-2)/36)?
4
Let m(p) = -4*p. Let g be m(-1). Suppose -v = -g*z + 7, -3*v + 19 + 24 = 4*z. What is the units digit of v?
9
Let o(g) = -5*g**2 + 18*g**2 + 9*g**2. What is the tens digit of o(-1)?
2
Suppose -5*q = 2*j - 208 - 152, -4*j = q - 90. What is the units digit of q?
0
Suppose 8*q - 1970 = -498. What is the hundreds digit of q?
1
Suppose 3*p - 260 = -p. Suppose 11*s + p = 6*s. Let q = -1 - s. What is the tens digit of q?
1
Let z(t) = -t**3 + 3*t**2 - t. Let i be z(2). Suppose -3*j - 2*s + 4 = 0, 3*s = i - 5. What is the units digit of j?
2
Suppose b = -b + 8. Suppose 10 = b*z - 2*z. What is the units digit of z?
5
Suppose 5*y - 12 = -2. Suppose 3*v - v = 5*s - 2, -y*v + 22 = s. What is the units digit of v?
9
Suppose -4*g + 480 = 2*g. Let m = -50 + g. What is the units digit of m?
0
Let w be (-2)/(-3)*(3 - 0). Let m(i) = i - 3. Let f be m(6). Suppose -w*b + f = -b. What is the units digit of b?
3
Let z(j) be the first derivative of 3*j**2/2 - 4*j + 3. What is the units digit of z(3)?
5
Suppose -3*x = -x + 80. Let v be (5/4)/((-2)/x). Let r = v + -14. What is the units digit of r?
1
Suppose -h + 2*h - 10 = 0. Suppose -3*x + 5*x = h. Suppose 2*t = 4*j - 34, 2*j - x*t + 1 - 6 = 0. What is the units digit of j?
0
Let l = 3 + 3. What is the units digit of 2/(-4)*l*-1?
3
What is the units digit of 6*(-5)/(-20)*(-1 - -63)?
3
Suppose 0*s - 21 = -3*s. Suppose -1 = z, -s*c + 4*z + 64 = -3*c. What is the tens digit of c?
1
Suppose -5*b + 63 = 5*l - 87, 110 = 4*b - l. What is the units digit of b?
8
Let z = -58 - -86. What is the units digit of z?
8
Let z = 76 + -12. What is the tens digit of z?
6
Let m be 5 + 0 + 1 - 3. Suppose -2*q + 15 = q, q - 17 = -m*o. What is the units digit of o?
4
Let g(u) = -u**2 - 4 + 3*u**2 + 8 + 0 - 2*u. Let b be g(3). Suppose 3*d + 5*o = -0*o - 3, -d + 4*o + b = 0. What is the units digit of d?
4
Suppose 3*f = -0*f + 21. Let v = f - 4. Suppose -v*u = -5*k - 47, 2*k - 37 = -0*u - 5*u. What is the units digit of u?
9
Let q be (-1)/((3 + -2)/24). Let b be 14/(-2 - q/9). Let z = b + -6. What is the units digit of z?
5
Let z = 8 + -2. Let n be 328/z - 1/(-3). Suppose -j - n = -6*j. What is the tens digit of j?
1
Let y be (-21)/(-12) - (-2)/8. Suppose -2*g - 3*c = 5, -g - c - 2 - 1 = 0. What is the units digit of g/5*(-15)/y?
6
Let z be ((-9)/3)/((-6)/8). Let f = z - -2. Suppose f = 3*k - 0. What is the units digit of k?
2
Let o(k) = 4 + 2*k**3 + 4*k - k**3 + 6*k**2 + 2. Let q be o(-5). Suppose -3*g = -3*c + 2 - q, g = -2*c. What is the units digit of g?
2
Suppose 0 = 3*j + 5*i + 1, 0*j + 2*i + 13 = 3*j. Suppose -j*b = -0*b. Suppose 8 = 2*s - b*s. What is the units digit of s?
4
Let t(u) = u**2 + u. Let l be t(-3). Let w(r) = -l + 2*r - 1 - 1. What is the units digit of w(7)?
6
Suppose -3*w = -3 - 390. What is the units digit of w?
1
Let j(f) = f**2 + 2*f - 1. Suppose -4*x + 4 = -5*x. What is the units digit of j(x)?
7
Suppose 0 = 3*q - 12. Let a = q - 3. What is the units digit of (a - 0) + 6 + -4?
3
Suppose -3*s + 3 = 3*a, 0*a = -a - 3*s - 3. Suppose 2*q = g - 5 - 3, -4*q - 16 = -a*g. What is the units digit of 0 + g/3 + 7?
7
Let u(c) = -4 + 5 + 5 - 4 - c. What is the units digit of u(-6)?
8
Let f(d) = -3*d + 2. Let h(m) = -m - 11. Let s be h(-6). What is the tens digit of f(s)?
1
What is the hundreds digit of 170/20*12/1?
1
Suppose 78 - 248 = -5*f. Let z be (f/8)/(7/28). Suppose 0 = h - 0*h - z. What is the units digit of h?
7
Let j(x) be the second derivative of -5*x**3/6 - 3*x**2 + 3*x. What is the tens digit of j(-4)?
1
Let y be (-1 - -1)*5/5. Suppose -24 = -4*n + 4*m, 4*n + y*m + 11 = -3*m. What is the units digit of n?
1
Let x = 468 + -188. What is the units digit of x?
0
Let r = 0 - 0. Suppose r = -4*g + 2*g + 4. Suppose -5*a + 23 = -g. What is the units digit of a?
5
Suppose 2*f - 6 = -l + 4, -3*f + 15 = -3*l. What is the units digit of f?
5
Let p(t) = 2*t**2 + 6*t + 2. Let j(f) be the third derivative of f**5/60 + 3*f**4/8 + 5*f**3/3 + 4*f**2. Let x be j(-7). What is the units digit of p(x)?
0
Let t = 20 - 22. Let h(c) = -9*c. What is the units digit of h(t)?
8
Suppose y - 16 = -y. Let c = y - 4. What is the units digit of c?
4
Let i(q) = q - 1. Let u be i(-1). What is the tens digit of 14 + -2 + (-1 - u)?
1
Let n = -1 + 0. Let s = n + 14. What is the units digit of s?
3
Let w(m) = m**3 - 18*m**2 + 19*m + 18. What is the tens digit of w(17)?
5
Let v(r) = -r**3 + 13*r**2 - 10*r + 5. Let m be v(12). Let w = m - 17. Suppose w + 0 = 3*g. What is the units digit of g?
4
Let v(r) = -3 - 16*r - 1 + 0*r + 2*r. What is the units digit of v(-2)?
4
Suppose 5*m + 3*b = 160, -3*m = -b - 3*b - 67. What is the units digit of m?
9
Suppose -4*i - 15*i + 437 = 0. What is the units digit of i?
3
Let b = 10 - 16. What is the units digit of (b/2)/((-27)/396)?
4
Let b = 3 - 3. Suppose -5*g + 2*a = -286, 5*g + a - 6*a - 280 = b. What is the units digit of g?
8
Suppose -5*q - 165 = 5*i, -2*q = -0*q - 5*i + 31. Let o = 41 + q. What is the units digit of o?
3
Let x(g) = 5*g - 14 - 5*g**2 + 11*g**2 - 5*g**2. What is the units digit of x(-10)?
6
Suppose 14*g - 70 = 9*g. What is the units digit of g?
4
Suppose -4*f + 156 = -4*v, -2*f = -3*v - 60 - 23. What is the tens digit of f?
3
Let y(a) = 9*a. Let v be y(-1). Let d = 15 + v. What is the units digit of -2*d/(-8)*6?
9
Let z be 10*4*3/(-3). Let l be (-188)/10 - (-8)/z. Let r = l - -27. What is the units digit of r?
8
Let o = -1 - -7. What is the units digit of (7/(-4))/(o/(-24))?
7
Let j = 225 + -39. What is the hundreds digit of j?
1
Let h be (-12)/(-10)*(2 - 7). Suppose 3 = -5*k + 43. Let t = k + h. What is the units digit of t?
2
Suppose 8*a = 3*a. Let i be ((-6)/4)/((-3)/4). Suppose -i*n + 4 + a = 0. What is the units digit of n?
2
Suppose -5*s - 2 = -r - 17, -2*s + 6 = 5*r. Suppose r = g + 4*g - 10. What is the units digit of g?
2
Let h(p) = p**3 - 20*p**2 + 18*p - 33. What is the hundreds digit of h(20)?
3
Let u(s) = -s**3 + 4*s**2 - 2*s - 2. Let j be 1 - 0/(-2) - -1. What is the units digit of u(j)?
2
Suppose 4*i - 404 = -3*l, 271 = 4*i - 5*l - 101. What is the tens digit of i?
9
Let a be 3/(-2) + 22/4. Suppose -2*q = -5*c - 31, c + 20 = -a*q + 49. Let m = q - 2. What is the units digit of m?
6
Let i(c) = 2*c**2 - 7*c + 1. Let b = -15 + 25. Let s = b - 5. What is the tens digit of i(s)?
1
Suppose 0*k = -5*k - z + 12, 4*k - 21 = 3*z. Suppose -3*t = -t + 2*y - 8, -3*y = -2*t + 28. Let h = t - k. What is the units digit of h?
5
Let z(m) = -4*m - 11. Let c = 5 + -11. What is the tens digit of z(c)?
1
Let a be (-1)/(28/(-10) - -3). Let n(y) = -7*y. What is the units digit of n(a)?
5
Let o(g) = 6*g - 13. What is the units digit of o(4)?
1
Let c(r) = 2*r**2 - 27*r - 7. What is the hundreds digit of c(17)?
1
Suppose 5*i - 5 = 15. Suppose -2*v = -i*u - 89 + 21, 5*u - 123 = -4*v. What is the units digit of v?
2
Let c(o) = -o**2 - 4*o + 79. What is the units digit of c(0)?
9
Suppose 0 = -5*m + a - 229, 5*m - 3*m = 5*a - 110. Let y = 68 + m. What is the units digit of y?
3
Let a(z) = -7*z**3 + z. What is the units digit of a(-1)?
6
Let i(m) = 12*m + 1. Let s(g) = 2*g**2 - 1. Let f be s(-1). What is the units digit of i(f)?
3
What is the units digit of -1*(-2 - (56 + 1))?
9
Suppose -p + 14 = 2*v, 0 = -2*v + 3*p - 0 - 2. Suppose 46 = v*i - 14. What is the tens digit of i?
1
Let a(b) = -12*b**2 + 2*b + 1. Let q be a(-1). Suppose 0 = 4*g - 7 - 93. Let v = g + q. What is the units digit of v?
2
Let l be ((-20)/25)/((-2)/20). Suppose 2*u - 16 = 2*c - c, -u + l = -2*c. What is the units digit of u?
8
Suppose -4*f = -2*f + 2*i - 468, -2*i - 2 = 0. What is the tens digit of f?
3
Let a(n) be the second derivative of -4*n + 0 + 1/6*n**4 - 7/2*n**2 - n**3. What is the units digit of a(5)?
3
Suppose -3*n + k = n - 10, 0 = 3*n - 4*k - 14. Let l(f) = 0*f**n + 4*f**2 + f**3 + 2 + 0. What is the tens digit of l(-3)?
1
Suppose 4*l - 84 - 156 = 0. Suppose 5*a = -0*a + l. What is the units digit of a?
2
Let j be ((-70)/25)/(3/15). Let z = j + 33. What is the tens digit of z?
1
Let i = 92 - 59. What is the units digit of 6/i + 291/33?
9
Let x = 3 - 1. Let j = 11 - x. What is the units digit of j?
9
Let n(i) = -2*i - 13. Suppose 0 = -a - 3*v - 9 - 1, 5*v = 0. What is the units digit of n(a)?
7
What is the ten